3*a - 55 = v - 6*v, a + 19 = v. Calculate the remainder when 55 is divided by v.
13
Suppose 4*b = -0*b + 16. Suppose 4*r + 3*z = 33, -5*z + z = b*r - 32. Calculate the remainder when r is divided by 4.
1
Let h = 9 - 5. What is the remainder when 15 is divided by h?
3
Let w = 6 + -15. Let p = w - -13. What is the remainder when 9 is divided by p?
1
Suppose -6*l = -8*l. Let o(u) = 2*u + 13. Calculate the remainder when 50 is divided by o(l).
11
Suppose -2*a = 3*b - 8, 0*b + 2*b - 5*a = -1. Suppose -3*r = -b*r - 25. Calculate the remainder when 48 is divided by r.
23
Suppose 12 = -2*u + 6*u. Suppose -5*k = 5*o - 40, u*k - 10 = -2*o + 10. What is the remainder when (-5 - -11) + 1/1 is divided by o?
3
Let u(c) = -15*c**3 + c**2 - c - 1. Let w be (-1 + 2 + -2)*1. What is the remainder when 30 is divided by u(w)?
14
Let f(d) = 6*d**2 - d + 7. Calculate the remainder when f(2) is divided by 5.
4
Calculate the remainder when (4 + (-36)/8)*-4 is divided by 1.
0
Suppose -5*n + 39 + 19 = 3*o, 20 = 2*n + 2*o. Calculate the remainder when 55 is divided by n.
13
Suppose 0 = -2*v - 3*v - 40. Let y(i) = 2*i**2 + 11*i + 4. Let z be y(v). Suppose z = -0*w + 4*w. What is the remainder when 42 is divided by w?
9
Suppose -2*m - 10 = -7*m. What is the remainder when 18 is divided by (-5 - 1)*-2 - m?
8
Suppose -3*u = -2*p + 16, -14 = -3*p + 3*u - u. Suppose p*d = -3*d + 510. What is the remainder when d is divided by 26?
24
Suppose -2*x = -r + 2*x + 51, 3*r - 85 = -5*x. Let i = -33 - -45. What is the remainder when r is divided by i?
11
Suppose 0 = -b - b - 3*i + 71, b = 5*i + 3. Let z = -15 + b. What is the remainder when 23 is divided by z?
10
Suppose 0 = l - 3. What is the remainder when 34 is divided by l/(-9) - (-55)/3?
16
Suppose -i + 4*a = -4*i - 734, -3*i - 741 = -3*a. What is the remainder when (-20)/8*i/15 is divided by 11?
8
Suppose 45 = 4*c + 1. What is the remainder when 87 is divided by c?
10
Let p(o) = -o**3 - 3*o**2 + 6*o + 11. What is the remainder when p(-5) is divided by 17?
14
Let r = -1 + 2. Suppose 12 = 2*z + z. Suppose z*k - 63 - r = 0. What is the remainder when 30 is divided by k?
14
Calculate the remainder when 62 is divided by -24*(3 + 11/(-3)).
14
Suppose 75 = 3*w - 2*a, -w - 3*a + 63 = w. Let z = 50 - w. Suppose 1 = h - 11. What is the remainder when z is divided by h?
11
Let c = 8 + 2. Let q = -85 + 89. Calculate the remainder when c is divided by q.
2
Let t(g) = -2*g**3 - g**2 + 2*g + 2. Let x be t(-2). Calculate the remainder when x/6 + 18/(-27) is divided by 1.
0
Let p = 24 + -9. Suppose l + l - 84 = 0. What is the remainder when l is divided by p?
12
Suppose 2*j = 1 + 1. Let d(n) = -j - 6*n + 3 - n**2 + n**2 - n**2. What is the remainder when 3 is divided by d(-6)?
1
Let h be ((-16)/(-10))/(3/15). Let z = h - 2. Suppose o - 3*o = -20. Calculate the remainder when o is divided by z.
4
Let f(i) = -i + 20. Calculate the remainder when 20 is divided by f(15).
0
Let w = 5 + -3. Suppose 0 = 3*b - t - 12, w*t = -4*b + 10 - 4. Suppose 26 = 3*d + h - 80, 0 = 3*d + b*h - 102. What is the remainder when d is divided by 19?
17
Let v = 47 + 5. What is the remainder when v is divided by 18?
16
Let k be (-2)/8 - 17/(-4). Let f be ((-20)/(-6))/(k/(-12)). Let q = -1 - f. What is the remainder when 17 is divided by q?
8
Let m(k) = 2*k + 5. Let y be m(3). Suppose v = 3*z - y, -2*z + v + 1 = -z. What is the remainder when 9 is divided by z?
4
Let m be (4 - 6) + 2/(-1). Let y(u) = -u**2 - 6*u - 2. Calculate the remainder when y(m) is divided by 2.
0
Let s(l) = 7*l + 1. Let n be s(10). Let k = n - 31. Calculate the remainder when k is divided by 21.
19
Suppose 145 = 5*n - 90. Calculate the remainder when 92 is divided by n.
45
Let n = -122 + 183. Let y = n - 36. What is the remainder when y is divided by (-6)/4*3*-2?
7
What is the remainder when (10/(-6))/((-7)/126) is divided by 8?
6
Suppose 10 = -13*n + 101. Calculate the remainder when n is divided by 3.
1
Suppose 0 = -3*x + x + 146. Let s(w) = 7*w + 47. Calculate the remainder when x is divided by s(-4).
16
Let q = -9 - -20. Calculate the remainder when 32 is divided by q.
10
Suppose 26*d + 4 = 30*d. Suppose -2*x = x - 12. Calculate the remainder when 29 is divided by (-82)/(-8) - d/x.
9
Let l = -14 + 23. What is the remainder when 35 is divided by l?
8
Let y(c) = -2*c**3 - 4*c**2 + c + 3. Let q = 38 + 16. Suppose -4*o = t + 10, 0 = 4*t - 3*o - q - 1. Calculate the remainder when y(-3) is divided by t.
8
Let j(i) = -i**2 + 5*i. Calculate the remainder when 39 is divided by j(4).
3
Let d(t) = -9*t + 16. What is the remainder when d(-3) is divided by 39?
4
Suppose 3*c - 4*g = 2*c + 37, -2*g = -5*c + 113. Let w(f) = f**3 - 16*f**2 + 16*f - 4. What is the remainder when c is divided by w(15)?
10
Suppose -n + 2*n + 39 = g, -129 = -3*g - n. What is the remainder when g is divided by 11?
9
Suppose -3*w - 14 = -j, -4*j = 4*w - 0*w - 40. What is the remainder when j is divided by 11 - ((-2)/(-2) + 4)?
5
Suppose 0 = -2*s + 5*a - 6, -5*s = -4*a - 2 - 0. Calculate the remainder when 29 is divided by ((-20)/25)/(s/(-25)).
9
Suppose 3*r - 3*n - 244 - 56 = 0, 2*r - n = 204. Suppose 0*d - r = -2*d. What is the remainder when d is divided by 18?
16
Suppose 103 = 4*p + 39. What is the remainder when p is divided by 13?
3
Let r be -4*((-15)/2)/5. Let c = r + -6. Suppose a - 3*a + 20 = c. What is the remainder when a is divided by 6?
4
Let t be 2/(-8) + 14/(-8). Let q = -18 - -10. Let l = t - q. Calculate the remainder when 11 is divided by l.
5
Suppose -52 = -0*j - 4*j. Calculate the remainder when 10 is divided by j/4 + 21/28.
2
Let l(n) = -n**3 - 3*n**2 + 2*n - 5. Let j be l(-5). Suppose -5*r + j = -0*r. Calculate the remainder when 12 is divided by r.
5
Let r(l) = 2*l - 6. Suppose 4*f - 4 - 16 = 0. Let o be r(f). Suppose -o*m - m + 55 = 0. Calculate the remainder when 21 is divided by m.
10
Let p(u) = u + 1. Let x(b) = -3*b - 2. Let v(o) = -4*p(o) - x(o). What is the remainder when 19 is divided by v(-7)?
4
Let n(s) = -1 + 8*s - 1 - 22*s. Let z(k) = k**2 - 2*k - 1. What is the remainder when n(-3) is divided by z(5)?
12
Let p = -9 + 7. Let v be p/4 - (-115)/(-2). Let m = -41 - v. Calculate the remainder when m is divided by 9.
8
Suppose -i - 46 = -3*i. Let l = -4 + -2. Calculate the remainder when -2 + 69/(-6)*l is divided by i.
21
Let z(r) = -7*r + 329. Suppose 0 = -4*w + 5*h + 123, 6*w = w + 5*h + 155. Calculate the remainder when z(29) is divided by w.
30
Let d(m) = m**2 - 6*m - 11. Let x be d(8). Let a = x + -1. Suppose -a*n = -2*n - 2. What is the remainder when 1 is divided by n?
0
Let k(f) = -f + 10. Let s(i) = 6*i - 5. Let l be s(4). Let m = l + -12. What is the remainder when m is divided by k(7)?
1
Suppose -5*c - 2 = 23. Let n(m) = -m + 2. Suppose x = 5*x - 16. Calculate the remainder when n(c) is divided by x.
3
Suppose -2*l + 19 = k - 0, 75 = 5*l - 3*k. Calculate the remainder when 18 is divided by l.
6
Let x(s) = s**3 + 5*s**2 - 5*s + 1. Let h be x(-6). Calculate the remainder when 14 is divided by h/(2 + -2 - 1).
4
Let z = -92 + 145. What is the remainder when z is divided by 14?
11
Suppose 3*u - 20 = -4*t, 0*u + 2*t = 5*u - 16. Let m = u - 0. Let i(v) = v**2 + 6*v + 3. Calculate the remainder when i(-7) is divided by m.
2
Let i(w) = 10*w**2 + 12*w - 6. Calculate the remainder when i(5) is divided by 61.
60
Let d = -4 - -10. Let g be 0/(4 - 2) - 57. What is the remainder when g/(-5) + (-8)/20 is divided by d?
5
Let p be 1/3*0 + 37. Suppose p = -5*f - 2*y + 127, 0 = -3*y. Calculate the remainder when f is divided by 10.
8
Suppose l = d + 2, l = 4*l + 5*d - 6. Let o be l/(-4) + 105/(-10). Let r = -4 - o. What is the remainder when 13 is divided by r?
6
Let c = 2 + -18. Let d = -5 - c. What is the remainder when d is divided by 4?
3
Suppose a = 4*s, -2*s - 5*a - 7 = 15. Let q be 13/s*(-1 - 2). Let v = q - 21. Calculate the remainder when 35 is divided by v.
17
Suppose 3*t = -3*q + 24, 0 = q + 4*t - 5 - 18. Suppose 2*c + 5*m = 3, q*m - 5*m - 52 = -3*c. Let b = -22 - -62. What is the remainder when b is divided by c?
12
Suppose 18 = 3*n - 2*n. Let v be (-436)/n - 4/(-18). Let q = -13 - v. What is the remainder when 21 is divided by q?
10
Let y = 163 + -93. Let k(o) = -o**3 + 5*o**2 + 5*o - 1. What is th